 prime factors of 215757102?
2, 3, 11, 3269047
List the prime factors of 725389735.
5, 7, 61, 339761
What are the prime factors of 332527975?
5, 13, 1023163
List the prime factors of 43852949.
7, 271, 23117
What are the prime factors of 55475440?
2, 5, 19, 36497
List the prime factors of 1885543205.
5, 7, 13, 4144051
List the prime factors of 114572159.
13, 59, 149377
What are the prime factors of 1089887657?
29, 601, 62533
List the prime factors of 223959890.
2, 5, 7, 11, 37, 1123
List the prime factors of 706591864.
2, 11, 2399, 3347
List the prime factors of 40425993.
3, 263, 5693
List the prime factors of 1292072773.
739, 1748407
What are the prime factors of 430990370?
2, 5, 43099037
What are the prime factors of 2568915811?
7, 11, 191, 174673
List the prime factors of 256448839.
256448839
What are the prime factors of 108025248?
2, 3, 211, 5333
What are the prime factors of 1227494114?
2, 7, 11, 263, 30307
List the prime factors of 9069688.
2, 19, 59669
What are the prime factors of 1784868733?
1784868733
List the prime factors of 54300035.
5, 29, 374483
List the prime factors of 1365857841.
3, 455285947
What are the prime factors of 1282458340?
2, 5, 97, 661061
What are the prime factors of 1283608820?
2, 5, 13, 269, 18353
List the prime factors of 1600759650.
2, 3, 5, 7, 1524533
List the prime factors of 2582145225.
3, 5, 11, 1043291
What are the prime factors of 340372219?
11, 31, 43, 139, 167
What are the prime factors of 36259000?
2, 5, 101, 359
List the prime factors of 1013493.
3, 13, 1999
List the prime factors of 184860357.
3, 11, 71, 257, 307
List the prime factors of 61408361.
7, 19, 461717
What are the prime factors of 13166762?
2, 7, 940483
What are the prime factors of 6313361395?
5, 11, 114788389
List the prime factors of 27457722.
2, 3, 23, 29, 2287
List the prime factors of 1100711714.
2, 11813, 46589
List the prime factors of 401280799.
37, 541, 20047
List the prime factors of 1069613000.
2, 5, 521, 2053
What are the prime factors of 272119091?
41, 311, 21341
What are the prime factors of 330445978?
2, 41, 4029829
What are the prime factors of 88086151?
5701, 15451
List the prime factors of 2215639213.
59, 137, 269, 1019
What are the prime factors of 141474001?
141474001
List the prime factors of 10284654.
2, 3, 43, 39863
List the prime factors of 8873056.
2, 41, 6763
List the prime factors of 90241035.
3, 5, 523, 11503
What are the prime factors of 836861712?
2, 3, 17434619
What are the prime factors of 95375745?
3, 5, 706487
List the prime factors of 638413286.
2, 7, 653, 69833
What are the prime factors of 6565589480?
2, 5, 164139737
What are the prime factors of 61740060?
2, 3, 5, 1029001
List the prime factors of 1513931689.
29, 157, 332513
List the prime factors of 697184104.
2, 523, 166631
List the prime factors of 639968105.
5, 7, 383, 47741
What are the prime factors of 34411475?
5, 7, 4013
What are the prime factors of 33630043?
113, 359, 829
What are the prime factors of 924477430?
2, 5, 41, 401, 5623
List the prime factors of 31417631.
7, 4488233
What are the prime factors of 1020779423?
1020779423
List the prime factors of 465684437.
41, 101, 107, 1051
What are the prime factors of 2166156387?
3, 271, 888133
List the prime factors of 1424723483.
3889, 366347
List the prime factors of 132309405.
3, 5, 1289, 2281
List the prime factors of 3325054635.
3, 5, 7, 10555729
What are the prime factors of 242807826?
2, 3, 23, 227, 337
List the prime factors of 18502264.
2, 11, 167, 1259
What are the prime factors of 705204743?
705204743
List the prime factors of 3909707921.
7, 558529703
List the prime factors of 69722259.
3, 23240753
What are the prime factors of 593887686?
2, 3, 7, 337, 41959
What are the prime factors of 148263367?
7, 61, 49603
What are the prime factors of 56347205?
5, 1151, 9791
List the prime factors of 51200715.
3, 5, 3413381
List the prime factors of 3407849427.
3, 17, 89, 677, 1109
What are the prime factors of 1924101683?
7, 1201, 228869
What are the prime factors of 1177158900?
2, 3, 5, 3923863
What are the prime factors of 311228976?
2, 3, 6483937
What are the prime factors of 548789801?
7, 17, 449, 10271
What are the prime factors of 159276341?
7, 59, 385657
What are the prime factors of 222110263?
222110263
List the prime factors of 40887605.
5, 11, 31, 23981
What are the prime factors of 71185830?
2, 3, 5, 2372861
What are the prime factors of 2313544291?
19, 31, 3927919
What are the prime factors of 5260869463?
71, 127, 193, 3023
List the prime factors of 4994439336.
2, 3, 43, 71, 22721
What are the prime factors of 96554826?
2, 3, 47, 61, 1871
What are the prime factors of 159553921?
23, 173, 40099
List the prime factors of 452436137.
3929, 115153
What are the prime factors of 1053536420?
2, 5, 52676821
What are the prime factors of 109600711?
11, 163, 5557
What are the prime factors of 72676934?
2, 11, 1709, 1933
List the prime factors of 25511740.
2, 5, 461, 2767
List the prime factors of 48086182.
2, 24043091
List the prime factors of 78983508.
2, 3, 6581959
What are the prime factors of 5293009797?
3, 19, 1381, 3539
List the prime factors of 1105710045.
3, 5, 11, 67, 100019
What are the prime factors of 1120113?
3, 17, 7321
What are the prime factors of 1586350604?
2, 11519, 34429
List the prime factors of 1471088015.
5, 19, 47, 329471
List the prime factors of 132636917.
7, 18948131
What are the prime factors of 30042100?
2, 5, 11, 31, 881
List the prime factors of 2166548569.
10099, 214531
What are the prime factors of 2155094737?
71, 30353447
What are the prime factors of 200557733?
67, 2993399
What are the prime factors of 1810162624?
2, 757, 37363
What are the prime factors of 750053205?
3, 5, 11, 1515259
List the prime factors of 2001541645.
5, 400308329
List the prime factors of 36320803.
61, 79, 7537
List the prime factors of 396403186.
2, 83, 2387971
What are the prime factors of 639476166?
2, 3, 7, 310727
List the prime factors of 577409301.
3, 7, 17, 443, 1217
What are the prime factors of 41310075?
3, 5, 550801
What are the prime factors of 2911223533?
263, 11069291
List the prime factors of 6249935495.
5, 733, 1705303
What are the prime factors of 746315122?
2, 7, 131, 229, 1777
List the prime factors of 1721190296.
2, 7, 17, 139, 13007
What are the prime factors of 851528197?
13, 503, 130223
What are the prime factors of 126499517?
23, 5499979
What are the prime factors of 144718719?
3, 48239573
List the prime factors of 353623189.
157, 347, 6491
What are the prime factors of 168820156?
2, 79, 534241
List the prime factors of 4637220.
2, 3, 5, 7, 61, 181
What are the prime factors of 2036323261?
7, 41, 7095203
What are the prime factors of 108498244?
2, 2957, 9173
What are the prime factors of 1845459538?
2, 13, 2399, 29587
List the prime factors of 18997734.
2, 3, 7, 199, 2273
List the prime factors of 9764501.
223, 43787
What are the prime factors of 334004920?
2, 5, 37, 127, 1777
What are the prime factors of 1085236464?
2, 3, 13, 1151, 1511
What are the prime factors of 912244418?
2, 157, 2905237
List the prime factors of 454082772.
2, 3, 11, 13, 71, 3727
List the prime factors of 119748294.
2, 3, 739187
What are the prime factors of 904371450?
2, 3, 5, 73, 82591
List the prime factors of 6587640276.
2, 3, 7, 1049, 74761
List the prime factors of 4149936091.
7, 19, 31202527
List the prime factors of 17529171.
3, 11, 647, 821
List the prime factors of 224058444.
2, 3, 18671537
What are the prime factors of 143442201?
3, 7, 197, 34673
What are the prime factors of 655890772?
2, 163972693
List the prime factors of 4758933673.
13, 37, 41, 241313
List the prime factors of 32541424.
2, 2033839
List the prime factors of 118484692.
2, 61, 485593
List the prime factors of 95214149.
19, 5011271
What are the prime factors of 3885585761?
3885585761
What are the prime factors of 2786395068?
2, 3, 19, 4073677
What are the prime factors of 1029851111?
1029851111
List the prime factors of 67272503.
67272503
What are the prime factors of 18833038?
2, 7, 1109, 1213
What are the prime factors of 1154516435?
5, 15073, 15319
List the prime factors of 1019149742.
2, 13, 307, 127681
What are the prime factors of 8247382?
2, 11, 13, 28837
What are the prime factors of 62238573?
3, 